of z.
3, 5
Suppose 4*o + 4*f - 28 = 0, -3*o = -0*o - 5*f + 19. Suppose o*q - 9 - 11 = 0. What are the prime factors of q?
2, 5
Let b be ((-2)/1)/(8/28). Let v(d) = -2 - 1 + 3 - d - 3. List the prime factors of v(b).
2
Let b be ((-543)/(-6))/((-2)/(-4)). Suppose 0 = 2*q + 4, 2*v + b = 7*v - 3*q. List the prime factors of v.
5, 7
Suppose -c - 26 + 76 = 0. What are the prime factors of c?
2, 5
Let r(u) = u + 7 - 2 - 2. Let k(w) = -w**2 + w + 7. Let a be k(0). List the prime factors of r(a).
2, 5
What are the prime factors of (0 - 236)*1/(-2)?
2, 59
Let r = -36 + 46. What are the prime factors of r?
2, 5
Let f(t) = 5*t - 1. Let d(j) = 3*j. Let b(u) = 7*d(u) - 4*f(u). Let s be b(-6). Let i = s - -5. What are the prime factors of i?
3
Let u = -5 - -6. Let i be 2*(u + 0) - 0. Suppose -10 = i*k - 3*k. List the prime factors of k.
2, 5
Suppose 185 = 5*x - 140. Suppose 4*t - 2*u = 166, 3*t + 4*u = x + 43. Suppose 2*o - 28 = -4*a, 5*o - o = 4*a - t. List the prime factors of a.
2
Let l(k) = -9*k**3 + 2*k + 1. Let i be l(-1). Let d = i - 11. Let o = d - -7. List the prime factors of o.
2
Suppose 0 = z + z - 72. What are the prime factors of z?
2, 3
Let o(a) be the second derivative of a**5/20 + a**4/2 - 4*a**3/3 + 5*a**2 - 4*a. What are the prime factors of o(-7)?
17
Let x(n) = 10*n**2 + 2*n - 1. Let b be 2/(-4)*(-3 - -1). Let q be x(b). Let u = q + 1. What are the prime factors of u?
2, 3
Let i = -59 - -23. What are the prime factors of 1/(-6) - 1122/i?
31
Let b be (2 + 6)*(4 + -3). Let f = 8 + b. What are the prime factors of f?
2
Let g(r) = -r**3 - 8*r**2 - 2*r - 10. Let y(m) = -m - 5. Let n be y(-5). Let f be (-2 - n)/(4/16). List the prime factors of g(f).
2, 3
Let o be (0 + -5)*1/(-1). Suppose 0 = -v - o*i + 24, 3*v - 4*i - 33 = -2*v. List the prime factors of v.
3
Suppose 0 = 3*c + k - 134, -3*k - 144 - 26 = -4*c. List the prime factors of c.
2, 11
Suppose 2*j + 56 = -28. What are the prime factors of (18/(-21))/(3/j)?
2, 3
Let k(q) = -q**3 + 4*q**2 - 4. Let l be (2 - (-8)/(-6))*6. Suppose 8 = 4*s - l*t, -s = -5*s + t + 11. What are the prime factors of k(s)?
5
Let s(f) = -3*f - 2*f - 12 + 2*f + 3. Let m be s(-7). Suppose 0 = 4*y - y - m. What are the prime factors of y?
2
Suppose -4 + 16 = 4*i. Suppose -5*c + 8*b - 4*b - 12 = 0, 3*c = -i*b - 18. Let v(f) = -2*f + 4. What are the prime factors of v(c)?
2, 3
Let o(j) = -7*j**2 - 8*j + 6. Let d(t) = -t**2 + 1. Let l(x) = 6*d(x) - o(x). What are the prime factors of l(-10)?
2, 5
Let d(c) = -c**2 - 8*c - 1. Let l be d(-6). Suppose 9*a = l*a - 18. List the prime factors of a.
3
Suppose 4*m = -3*w + 11, 3*w = 5*m - w - 6. Suppose 0 = -3*v + g - 0 - 1, 2*g - m = v. Suppose -2*z = -n + 2*z + 2, v = -2*z + 2. List the prime factors of n.
2, 3
Let a be (-1 - 0)/((-3)/6). Let d(s) = s + 0 - 1 + s**2 + a. List the prime factors of d(2).
7
List the prime factors of (1350/(-12))/((-1)/2).
3, 5
Let w(s) be the second derivative of -s**3/6 + s**2/2 + 2*s. Let a be w(-6). Let m = -2 + a. What are the prime factors of m?
5
Let k = 30 + -42. Let q be (-5)/(-3) + (-4)/k. What are the prime factors of (q/4)/(5/160)?
2
Let c = -2 - -2. Let h = 6 - 4. Suppose c = i - h, 2*i - 6 = 5*u - 47. List the prime factors of u.
3
Let y(r) = 7*r + 8. List the prime factors of y(15).
113
Suppose 6 + 112 = 2*q. List the prime factors of q.
59
Let t(j) = -3*j - 3. Let u be t(-2). Let v be -2 - -10 - (u - 1). Suppose v*a = a - 4*m + 68, 3*m + 30 = 3*a. What are the prime factors of a?
2, 3
Suppose 0 = -3*h - 3*q - 2 - 22, 3*q = 6. Let s(z) = z**2 + 10*z + 15. What are the prime factors of s(h)?
3, 5
Suppose -h + 0*a - a + 33 = 0, 3*h = -4*a + 100. Suppose -3*y - h = -4*j, -35 = -2*j - j + 5*y. What are the prime factors of 13/3 - j/15?
2
Let l(s) = -11*s + 6. What are the prime factors of l(-8)?
2, 47
Let m(c) be the first derivative of -c**3/3 + 14*c + 7. Let i(r) = r**2 + 2*r. Let o be i(-2). List the prime factors of m(o).
2, 7
Let r be (-3 - -2)/(2/4). Let k be (-1 + 2/2)/r. Let a(t) = -t + 15. List the prime factors of a(k).
3, 5
Suppose 0 = g - 3*t - 31, 10 - 155 = -3*g - 4*t. List the prime factors of g.
43
Let q(x) be the second derivative of x**5/20 + x**4/4 - x**3/6 + 2*x. Let f be q(-2). Suppose -3 = -o + f. List the prime factors of o.
3
Let a = -13 + 18. Suppose 0 = y - 1 - a. Let o(r) = 2*r - 1. What are the prime factors of o(y)?
11
Let n = -19 - -47. What are the prime factors of n?
2, 7
Let w(c) = -42*c - 19. List the prime factors of w(-5).
191
Let l be 6/(1/5 + 0). Suppose 0 = -2*b + l + 6. List the prime factors of b.
2, 3
Let r be (-264)/(-10) + 9/15. Suppose -2*l - 3*c = -r, 2*l - 2*c = -3*l + 77. List the prime factors of l.
3, 5
Let q(h) = 2*h - 11. Let c be q(8). Suppose -g = g + 3*k - 19, 0 = 5*g + c*k - 40. What are the prime factors of g?
5
Suppose -770 = -50*h + 45*h. What are the prime factors of h?
2, 7, 11
Let w(p) = -2*p - 3. Let s be w(-7). Suppose -3*u + s - 2 = 0. Suppose -56 = -7*d + u*d. List the prime factors of d.
2, 7
Let t be 5/(-15) + 14/6. Suppose -t*r = 63 - 9. Let x = -15 - r. What are the prime factors of x?
2, 3
Let c(s) = s**2 - 7*s + 7. Let u be c(6). Let h = u + 1. List the prime factors of h.
2
What are the prime factors of (204/16)/(3/8)?
2, 17
Suppose 5*d = 5*x + 180, 3*d + 2*x = -2*x + 94. What are the prime factors of d?
2, 17
Suppose 4*l = 2*l + 6. What are the prime factors of -1*(36/l)/(-2)?
2, 3
Let v(f) = 7 + f + 0*f - 4 + 3. Let c be v(-5). Suppose b - 4 = -c. List the prime factors of b.
3
Suppose -3 = -k + 2. Let d(s) = s**3 - 6*s**2 + 10*s + 5. What are the prime factors of d(k)?
2, 3, 5
Let v(i) = i**3 - 7*i**2 - 9*i - 15. List the prime factors of v(10).
3, 5, 13
Let i(k) = -k**2 - 4*k - 2. Let b be 3 - (0/(-3) + -1). Let m = -6 + b. List the prime factors of i(m).
2
Let m(h) = -h**3 + 6*h**2 - h - 5. Let j be m(5). Suppose -2*s + j = 3*s. Suppose 0*x - s*x = -24. List the prime factors of x.
2
Let r = 0 + 4. Suppose 0 = -3*q - 2 - r. What are the prime factors of 1/2*(4 - q)?
3
Let q(w) = w**3 + 7*w**2 - 3. Let j be q(-6). Suppose 2*n + 10 = 0, 6 = 4*b + n - j. What are the prime factors of b?
11
Suppose -3*w - w = -h - 15, -h + 20 = 3*w. Let j = 0 - 0. Suppose j = w*u - 50 + 5. List the prime factors of u.
3
Suppose -16*c = -10*c - 918. What are the prime factors of c?
3, 17
Suppose 6*w = -w + 49. What are the prime factors of w?
7
Let m(v) = v**3 + 4*v**2 + 3*v - 2. Let j be m(-3). Let l be (7/2 + j)*34. Suppose 0 = -2*p + 5*p - l. List the prime factors of p.
17
Let l be 2/6 - 1/3. Suppose -g = -l*g - 13. List the prime factors of g.
13
Suppose -6 = t - 103. List the prime factors of t.
97
Let d = -3 + 22. What are the prime factors of d?
19
Suppose 0 = -4*j - 3*d + 1107, -j - 4*d = -400 + 107. List the prime factors of j.
3, 7, 13
Let s(u) be the second derivative of 2*u + 2*u**2 + 1/20*u**5 + 1/12*u**4 + 0 + 0*u**3. List the prime factors of s(0).
2
Suppose 3*g + 9 = 3*d - g, 4*d = g + 12. Suppose 0 = -3*t - d*n + 84, 0 = -t - 4*t - 2*n + 128. List the prime factors of t.
2, 3
Suppose -4*h + 382 = 2*g, 6*g + 455 = 5*h + g. List the prime factors of h.
2, 47
Let m(n) = -n**2 + 69. Let h be m(0). Let p = -49 + h. List the prime factors of p.
2, 5
Let l(g) = g**3 - 5*g**2 - 8*g + 12. Let f be l(7). What are the prime factors of (f - -5) + -1 + 0?
2, 29
Let p = 21 - 34. Let k = p - -19. What are the prime factors of k?
2, 3
Let d(j) = -j**3 - 6*j**2 - 3*j - 7. Let m = 8 + -14. What are the prime factors of d(m)?
11
Suppose 4*a - 55 = 253. List the prime factors of a.
7, 11
Let i(j) = j**3 + 12*j**2 - 13*j - 27. What are the prime factors of i(-12)?
3, 43
Suppose 2*w - 4 = -4*r + 32, -2*r = 8. List the prime factors of w.
2, 13
Let c = 5 + -11. Let n(a) be the third derivative of a**6/120 + 7*a**5/60 + a**4/6 - 5*a**3/6 - 4*a**2. List the prime factors of n(c).
7
Suppose 4*n + 142 = -2. What are the prime factors of ((-12)/9)/(3/n)?
2
Suppose 5*u = 3*u + 64. What are the prime factors of u?
2
Let u = 36 + -24. What are the prime factors of -2 + 9/3 + u?
13
Let d = 13 + -27. Let k = -5 - d. List the prime factors of k.
3
Let z = 229 - -30. What are the prime factors of z?
7, 37
Let s(h) = -10 + 15*h - 2 + h**3 - 6*h**2 - 24*h + 0. List the prime factors of s(8).
2,